. What is the remainder when l is divided by h?
21
Let p be 16/(-4)*(2 - -2). Let o(t) = t**2 + 14*t - 17. Let n(c) = -c**3 + 9*c**2 - 5*c - 3. Calculate the remainder when n(4) is divided by o(p).
12
Suppose 3*o + 2*v = 5*o, 3*v = 6. Let i be -35 + -2*o/4. Let u = i + 53. Calculate the remainder when 67 is divided by u.
16
Let p(y) = 24*y - 4. What is the remainder when p(8) is divided by 59?
11
Let v = 35 + -50. Suppose 20 = 4*f - 0*f. Calculate the remainder when 2/v*-3 + (-43)/(-5) is divided by f.
4
Let c(k) = -10*k + 16. Let g be c(-9). Suppose 26 = -h + g. Let r = -15 + h. Calculate the remainder when r is divided by 17.
14
Let p = 26 - 26. Suppose 203 - 1 = 5*s - k, -4*k + 12 = p. What is the remainder when 201 is divided by s?
37
Let u = 68 + -3. Let w(k) = 13*k - 5. Let m be w(6). Suppose -3*r = -m + 7. What is the remainder when u is divided by r?
21
Let j = -12 - -14. What is the remainder when 40 is divided by 7 - (-1 - (5 - j))?
7
Let j be (-2)/7 + 4/14. Let m = 35 - j. Calculate the remainder when m is divided by (-5)/(-15) - (-70)/6.
11
Let i = -1 - 0. Let b = -5 + i. What is the remainder when 29 is divided by 4/6*(-135)/b?
14
Suppose -178*y + 68 = -174*y. Calculate the remainder when 82 is divided by y.
14
Let v be (9/6)/((-2)/(-52)). Let q = 45 - v. What is the remainder when 9 is divided by q?
3
Let o(z) = 2*z + 3. Let r be o(-6). Suppose -5*x = -3*x - 12. What is the remainder when (-77 - r)*1/(-4) is divided by x?
5
Suppose 0 = -2*m - 2*m + 20. Suppose m*s = 9 + 1. Calculate the remainder when 2 is divided by s.
0
Calculate the remainder when ((-109720)/910)/(2/(-7)) is divided by 85.
82
Let j(o) = 3*o**3 + 2*o**2 + 1. What is the remainder when -370 - -435 - (-5)/2*-2 is divided by j(2)?
27
What is the remainder when -4*1/(-18) + (-1648)/(-36) is divided by 45/(-25)*20/(-6)?
4
Let a = -233 + 339. Let b(h) = -h**3 + 41*h**2 - 209*h - 8. What is the remainder when a is divided by b(35)?
25
Let k(g) = g**3 - 30*g**2 + 10*g + 41. Let x be k(30). What is the remainder when 2/(-3) - -2*x/6 is divided by 58?
55
Suppose 755 = 51*g - 316. Calculate the remainder when g is divided by 20.
1
Suppose -h = 2, -2*p - 403 = -5*p - 4*h. What is the remainder when p is divided by 119?
18
Suppose -75 = -2*m + 114*s - 117*s, -m + 70 = -5*s. Let d(p) = p**2 - 2*p - 3. Calculate the remainder when m is divided by d(5).
9
Let d(t) = 5*t - 3. Let b be d(4). Suppose -a - 5*m + b = -0*a, 5*a + 2*m - 108 = 0. Calculate the remainder when a is divided by 13.
9
Let c(a) = -11*a - 3. Let o = -222 + 228. Suppose 9*b - 33 = o*b. What is the remainder when c(-5) is divided by b?
8
Suppose -212 - 37 = -3*z. Calculate the remainder when z is divided by -56*23/((-1380)/45).
41
Let p = 1355 + -356. What is the remainder when p is divided by 25?
24
Let r be 21/(2/2*-1). Let m = r - -29. Let t(s) = -4*s - 13. Calculate the remainder when t(-11) is divided by m.
7
Let j be 21/2 + (-1)/2. Let t(o) = -58*o - 77 + 59 + 61*o. What is the remainder when 22 is divided by t(j)?
10
Calculate the remainder when 372 is divided by (-50)/(-6)*225/125.
12
Let g = 1898 - 1876. Let j = -16 + 103. What is the remainder when j is divided by g?
21
Let y be (8 - 7)*(-5 - 0/2). Calculate the remainder when y/(50/(-85))*(4 + -2) is divided by 5.
2
Let q(y) = -7*y - 5. Let a(o) = -11*o - 8. Let t(v) = -5*a(v) + 8*q(v). Let b = -105 + 117. Calculate the remainder when b is divided by t(-7).
5
Let f(n) = -15*n - 7 + 3*n + 1. What is the remainder when f(-3) is divided by 17?
13
Suppose -96 - 72 = -7*q. What is the remainder when q is divided by 8 + -5 + (-1 - -8)?
4
Calculate the remainder when 862/9 + (-12 - (-1100)/90) is divided by 22.
8
Let o(w) = 11*w - 6. Let l(m) = -11*m + 5. Let r(n) = 4*l(n) + 3*o(n). Let t = -18 - -10. What is the remainder when r(t) is divided by 23?
21
Let s(v) = 6*v**2 + 2*v - 1. Suppose -3*n = 5*o + 161, 4*o - 3*n = -43 - 75. Let l = o + 35. What is the remainder when s(-2) is divided by l?
3
Let y = -126 - -230. Calculate the remainder when y is divided by 33.
5
Let l(i) = i**3 + 19*i**2 - 19*i - 27. Let r be l(-20). Let z = r + 97. Calculate the remainder when z is divided by 26.
24
Let a(i) = 2*i**3 + 6*i. Calculate the remainder when a(4) is divided by 56.
40
Suppose 3*h + 84 - 342 = 0. Suppose 2*x + x - 26 = -n, -3*n + h = 5*x. What is the remainder when 93 is divided by n?
29
Suppose -4*q + 4*v + 280 = 0, -5*q + 3*v - 5*v = -315. Let k = q + 44. What is the remainder when k is divided by 28?
25
Let j(l) = -l**2 - 9*l + 4. Suppose 4*i - 77 + 9 = -4*c, 5*c = 5. What is the remainder when i is divided by j(-8)?
4
Suppose -5*x + 8 = -4*x + p, p = x. Let f(y) = 5 + 3*y**2 - 3 - 3 - 3*y - 2*y**2. Calculate the remainder when f(-2) is divided by x.
1
Let u(y) = 35*y**3 - 2*y + 1. Let m be u(1). Suppose 10 = -3*i + m. Let t(l) = -30*l**3 + 4*l + 4. Calculate the remainder when t(-1) is divided by i.
6
Let o = -5 - -2. Let t(h) = -h**2 - 3*h + 3. Let m be t(o). Suppose -15 = -m*z - 3*d, -4*z = -2*d - d - 48. What is the remainder when z is divided by 4?
1
Let q be ((-9)/5)/(9/(-45)). Suppose -22 = q*a - 11*a. Calculate the remainder when 32 is divided by a.
10
Let c(u) = -14*u + 2. Let z be c(-4). Suppose 2*w = -4*t + z, 0 = -4*w + 5*t - t + 140. What is the remainder when w is divided by 1/(-6) - 1417/(-78)?
15
Let o(c) = c + 11. What is the remainder when 29 is divided by o(0)?
7
Let v(l) = l + 13. Let f be v(-10). Let d = 9 + f. What is the remainder when 0 + -2*(-35)/2 is divided by d?
11
Let d be 1/(-2) + 116*1/8. Let t = d + 5. What is the remainder when 150 is divided by t?
17
Let a(h) = -17*h + 87. Calculate the remainder when a(4) is divided by 4.
3
Suppose -8*y + 2292 = 4*y. Calculate the remainder when y is divided by 32.
31
Let r be 30/7 - (-6)/(-21). Let b = 35 - -43. Suppose 0 = -4*q + 3*x + 98, 4*x + 18 = r*q - b. What is the remainder when 51 is divided by q?
25
Suppose k + a - 1871 = -4*k, -a = k - 371. Calculate the remainder when k is divided by 42.
39
Let s(m) = -m**2 - 11*m + 3. Let i be s(-11). Let q be i*2*(-3)/(-6). Suppose 3*u - q*h - 8 = -2*h, 12 = 4*u - h. What is the remainder when 7 is divided by u?
3
Let y(s) = s**3 + s**2 + s. Let q be y(0). Let c(v) = v**2 - v + 9. What is the remainder when c(q) is divided by 6?
3
Suppose 2*l - 7*r - 8 = -4*r, -3*l = 3*r + 18. What is the remainder when (26 + (-3 - l))*1 is divided by 6?
1
Let f = 13 - 10. Suppose -s - 4*q = s - 46, -f = -q. Suppose -2*j - 7*j = -594. What is the remainder when j is divided by s?
15
Let m = -1082 + 1222. What is the remainder when m is divided by 30?
20
Suppose 0*p + 27 = 5*p - u, -5*p + 35 = -5*u. Calculate the remainder when 31 is divided by p.
1
What is the remainder when 2/28 + (-40860)/(-280) is divided by 25?
21
Let p(b) = -6*b - 2. Let v be p(-1). Suppose 5*z - 220 = 5*k, -v*z - k - 2*k = -148. What is the remainder when 197 is divided by z?
37
Let n = -648 + 835. What is the remainder when n is divided by 41?
23
Let t(l) = 2*l**2 + l - 3. Let b be t(5). Suppose -4*q + 26 + 128 = 5*p, 4*q - b = -2*p. What is the remainder when p is divided by 12?
10
What is the remainder when 256 is divided by 12*15/(-12)*24/(-60)?
4
Let k be 4/6*45/6. Suppose -3*q + 2*t + 12 = -4, 2*t + 20 = 4*q. Suppose m + q*m + 11 = -c, -k*c + 60 = 2*m. What is the remainder when 25 is divided by c?
11
Suppose -z + 4*x = z - 14, -2*z + 10 = -5*x. What is the remainder when 33 is divided by z?
3
Let j = 13 - -29. Suppose -45*s + j*s + 123 = 0. Calculate the remainder when s is divided by (-4)/(-14) + (-150)/(-14).
8
Let t(i) = -i**3 - 8*i**2 + 7*i - 6. Calculate the remainder when t(-9) is divided by 10.
2
Suppose -4*f - 5 = 3*q, -f = -0*f + 3*q - 10. Let d be 56/35*f/1. Calculate the remainder when (30/(-4))/(d/16) is divided by 9.
6
Suppose -1086*h + 236 = -1084*h. Calculate the remainder when h is divided by 12.
10
Let w(l) = -l**3 - 3*l**2 - 87. Let o(y) = 80*y**2. Calculate the remainder when o(-1) is divided by w(-6).
17
Let y(v) be the first derivative of 3*v**2/2 + v - 2. Let z be y(1). What is the remainder when -4*z/(-8) - -49 is divided by 13?
12
Suppose -7*j = 36 - 134. What is the remainder when (6*7 - 2) + 0 is divided by j?
12
Calculate the remainder when 1 + 4